-197334)/15 + 408/(-170)).
5, 2633
Let z(y) = -2*y**2 + 33*y - 7. Let t be z(16). Suppose t*x = 10203 - 2805. List the prime factors of x.
2, 3, 137
Let k(w) = -w**3 + 20*w**2 - 18*w - 15. Let f be k(19). Let i be (-2)/f + ((-975)/(-2))/(-13). Let r = 103 - i. List the prime factors of r.
3, 47
Suppose -3*r + 46745 = -5*v, -r + 13787 + 1789 = 4*v. What are the prime factors of r?
2, 5, 19, 41
Let j(u) = 10*u - 12. Let w be j(7). Let g = w + -52. List the prime factors of 8/g*1479/34.
2, 29
Suppose i = -2*i + 9. Let u be (3/(-2))/(12/16) + i. What are the prime factors of u*87 - (-10 + 8)?
89
Suppose -3*l + 15 = -3*z, -5*z - l - 12 = 7. Let x = 47 + z. Suppose 0 = 2*b + x - 303. List the prime factors of b.
2, 5, 13
Let b = -5389 + 17976. List the prime factors of b.
41, 307
Let n be (-86)/387 - 29/(-9). What are the prime factors of (-20076)/(-32) + n/(-8)?
3, 11, 19
Suppose 565*h - 4*v - 287640 = 561*h, 2*h + 2*v - 143788 = 0. What are the prime factors of h?
2, 35951
Let l(a) be the third derivative of a**6/120 - a**5/3 - 17*a**4/24 - 7*a**3 + 6*a**2. Let y be l(21). List the prime factors of 14/y + (-377)/(-3).
2, 3, 7
Let w(j) = 5*j**2 + 4*j + 1. Let g be w(-1). Suppose -g*n = -3*n - 12. What are the prime factors of (-1413)/n - (-3)/(-4)*1?
3, 13
Let v(r) = r**2. Let u be v(0). Suppose u = -3*k + 7*k - 272. List the prime factors of 10/(-15) - k/(-12).
5
Suppose 5888654 = 273*s + 1268948. List the prime factors of s.
2, 8461
Suppose 0 = q - m - 5467, 3*m - 5766 - 10641 = -3*q. List the prime factors of q.
2, 1367
Suppose 50666 = 2*m - 0*m + 4*a, -5*m + 126638 = a. Suppose -55*d + m = -12*d. What are the prime factors of d?
19, 31
Let y(c) be the second derivative of c**5/20 - 5*c**4/6 + 5*c**3/3 - 11*c**2/2 + 17*c. Let j be y(9). List the prime factors of (1698/8)/3 + j/(-8).
71
Let g = -3124 - -6929. What are the prime factors of g?
5, 761
Suppose 12*o - 11*o = -2. What are the prime factors of 536 + (o + 4 + 4)/(-2)?
13, 41
Let y = 1322 + -376. Let h = -549 + y. List the prime factors of h.
397
List the prime factors of ((68/4)/(-17))/(5/(-124930)).
2, 13, 31
Suppose -2*n = 4*u - 96, -2*u + n + 82 = u. Suppose -25*k - 549 = -u*k. List the prime factors of k.
3, 61
List the prime factors of ((0 + 1)*(-439411)/21)/(23/(-69)).
62773
Let t(u) = 4*u + 6*u**2 - 2*u**2 - u**2 + 22 - 27. List the prime factors of t(7).
2, 5, 17
Let j be (-24)/(-84) - (1871/7 + 3). Let n = j - -571. What are the prime factors of n?
7, 43
Let y(m) be the third derivative of -m**5/60 - 2*m**4/3 + 10*m**3/3 + 36*m**2. Let f be y(-17). Suppose -f*q - 32 = -695. List the prime factors of q.
13, 17
Let a(m) = 30*m - 1. Let w = -9 + 21. Let k be 58/w - 9/(-54). List the prime factors of a(k).
149
Let r(u) = -185*u + 6307. What are the prime factors of r(-12)?
8527
Let p(a) = -a**3 - 10*a**2 - 6*a - 33. Let q be p(-10). List the prime factors of ((-72)/q)/(-1 - 13/(-15)).
2, 5
Let k(t) = 7*t**3 - 3*t**2 + 4*t + 5. Let c(u) = u**3 + 8*u**2 + 7*u + 3. Let p be c(-7). List the prime factors of k(p).
179
Let o = -16098 + 47617. What are the prime factors of o?
43, 733
Suppose y = -4*f + 674 + 4498, -3*y = -5*f - 15431. What are the prime factors of y?
2, 7, 23
What are the prime factors of -8 + -32*(-6)/36*(-81558)/(-24)?
2, 7, 647
Suppose r = -5*h + 32, -3*r - 2*r + 10 = 0. Suppose h - 2 = a. List the prime factors of ((-24)/(-14))/(a/126).
2, 3
Let h = 32069 - 5549. List the prime factors of h.
2, 3, 5, 13, 17
Suppose 4*r = 2*g - 134 + 1320, g - 583 = -2*r. Suppose -4*w = 2*y - 5*w - 205, -3*w = 3*y - r. List the prime factors of y.
101
Suppose -60*x = -580063 - 106577. List the prime factors of x.
2, 2861
Let b be (3 - 0) + (-6)/((-24)/20). List the prime factors of (b + (0 - 2))*178/4.
3, 89
Suppose -28*f - 47 + 187 = 0. Suppose -f*o - 5*u + 3060 = 0, 11*o - 1220 = 9*o - 4*u. What are the prime factors of o?
2, 307
Let u(y) = y**2 - 12*y + 27. Let m be u(8). What are the prime factors of (-1)/m*-28*50/(-4)?
2, 5, 7
Let z(w) = 4*w**2 + 15*w - 36. Let f(j) = 2*j - 2. Let x(g) = -15*f(g) + 3*z(g). List the prime factors of x(10).
2, 3, 53
Let o = -214 - -213. What are the prime factors of (-4 + (-12)/(-6))/(o/254)?
2, 127
Let a(l) = -51*l - 38. Let o be ((-6)/(-5))/((-8)/(-20)) + -8. Let k be a(o). Suppose 2*c - k = 45. What are the prime factors of c?
131
Suppose 5*b = 4*k + 315, -k - k - 5*b = 165. Let v = -4 - k. Suppose -6*y + 3*y = -4*n + 151, v = 2*n - 2*y. What are the prime factors of n?
37
Suppose 2654 + 74 = 4*x. Suppose -5*c + 16*c = x. Suppose b - 15 - c = 0. What are the prime factors of b?
7, 11
Let l(y) = -y**3 + 99*y**2 + 519*y + 164. Let m be l(104). Suppose 0 = -5*x + 24 + 31. Suppose -x*b = -930 - m. What are the prime factors of b?
2, 3, 5
Suppose -781*m + 780*m = -3*o - 3051, 2*m - 5*o - 6096 = 0. List the prime factors of m.
3, 337
Let j(y) = y**3 - 20*y**2 - 19*y - 47. Let l = -75 + 96. Let r be j(l). List the prime factors of 2 - r/(-2) - (-158)/4.
3, 13
Let i = 653 + -188. List the prime factors of (-2)/(-3)*12*i/20.
2, 3, 31
Let m be ((-39)/(-12))/(-13)*-8. Suppose -3*p + 2108 = -4*o, 3326 = 4*p - m*o + 522. What are the prime factors of p?
2, 5, 7
Suppose -138*v + 456914 = -13*v - 645836. List the prime factors of v.
2, 11, 401
Let k = 28141 + -19538. List the prime factors of k.
7, 1229
Let b(m) = 5*m + 5. Suppose 2*t + 6 = 0, 5*x - 3*t = -2*t + 18. Let h be 1 + -2 - (0/(-1) - x). List the prime factors of b(h).
3, 5
Suppose 3*g + 3 = 0, 3*u - u - 811 = g. Let h = u + 266. What are the prime factors of h?
11, 61
Let l(v) = -28*v**2 + 2*v + 5. Let m be l(-2). Let z = m - -412. List the prime factors of z.
7, 43
Let s(w) be the third derivative of w**6/40 + w**5/30 - w**4/2 - 8*w**3/3 - 34*w**2. Let f(v) be the first derivative of s(v). List the prime factors of f(3).
3
Let w(f) be the second derivative of 2*f**5/5 - f**4/12 - f**3 + 3*f**2/2 - 2*f. Let u be ((-168)/21)/(24/(-9)). List the prime factors of w(u).
2, 3
Let r be -1 - ((-175)/(-63) - 6/(-27)). List the prime factors of -7 + 34110/27 - r/6.
3, 419
Let d(x) = 94*x**2 + 76*x - 428. List the prime factors of d(21).
2, 101, 211
Suppose 0 = -r - 67 + 61. List the prime factors of r + (-32448)/(-65) - 1/5.
17, 29
Suppose 0 = -253*w - 5877231 + 17194933. What are the prime factors of w?
2, 22367
Let f(k) = 11*k - 73. Let r be f(7). List the prime factors of 2/((-32)/(-20772)) + 3/r.
3, 433
Suppose -108 = -10*a + 412. List the prime factors of 10/65 + (-4 - (-52616)/a).
2, 3, 7
Suppose 0 = 116*u - 118*u + 3*j + 1383, 3*u - 2*j = 2062. Suppose 0 = -0*h - 2*h + 6. List the prime factors of (8 - h)*(3 - u/(-20)).
2, 3, 31
List the prime factors of (-6)/((-144)/200598) + (-1)/4 + -5.
8353
Let d = 8070 - 813. What are the prime factors of d?
3, 41, 59
Let p(s) = 467*s + 82. Let q be p(4). Suppose 0 = 5*t + 25, 2*z + 3*z = 2*t + q. What are the prime factors of z?
2, 97
Let k = -21 - 133. Let l = -2040 - -1983. Let i = l - k. What are the prime factors of i?
97
Suppose 0 = -4*l + 3*f + 76, 0 = 6*l - 4*l - 5*f - 24. Let p = l + -20. Suppose p*s - 3*s + 66 = -2*u, 4*s = -4*u + 324. What are the prime factors of s?
2, 19
Let u be (-11500)/(-35) - (-15)/35. Let y = u - -13. List the prime factors of y.
2, 3, 19
Let p(l) be the first derivative of 57*l**4/4 + 6*l**2 - 9*l + 162. List the prime factors of p(3).
2, 3, 29
Let m = -3682 - -21993. What are the prime factors of m?
18311
Let l(h) be the second derivative of -h**4/4 + 13*h**3/2 - 13*h**2/2 + 26*h. Let v(y) be the first derivative of l(y). What are the prime factors of v(-24)?
3, 61
Let z = -20932 - -59658. What are the prime factors of z?
2, 17, 67
What are the prime factors of (1 - (-6734)/1) + -7 + -1?
7, 31
What are the prime factors of (-1*(-1 + 2))/((-3)/527100*14)?
2, 5, 251
Let a(p) = 548*p**2 - 25*p - 24. Let u(z) = -z**2 + z + 55. Let s be u(-7). What are the prime factors of a(s)?
3, 61
Suppose -v - 2*v - 3*c = 345, 2*c = 2. Let l = 118 + v. List the prime factors of (-13)/(13/l) + (20 - -1).
19
Let d(n) = -21*n**3 - n + 1. Let b be d(4). Let c = b - -1989. What are the prime factors of c?
2, 3, 107
What are the prime factors of 6/51 - ((-24879123)/459 - 29)?
2, 6779
Suppose -49*a - 81001 + 238046 = 0. Suppose 78*r = 73*r + a. Lis